e -17 - (-58 + (2 - -27)).
12
Evaluate 15 + 9 + -1 + -13.
10
Calculate 3 - (-10 + (4 - (-9 + 14))).
14
19 - -3 - (-8 - (3 - -1) - -5)
29
6 + (-22 - -10 - 16)
-22
(-36 + 45 - 9) + -29
-29
0 + -2 + (21 - (16 + -6)) + 8
17
Evaluate 21 + -35 + 22 - (-1 + 4).
5
Evaluate -10 - 12 - -18 - (-1 + 0 + -6).
3
What is -2 + 0 - (-26 + 19 - 2)?
7
Evaluate 49 - (31 + 49 - 35).
4
Evaluate -7 + 19 + (-12 - 5).
-5
Evaluate 17 - (28 + -57 - -50).
-4
Evaluate (-14 + 27 - 5) + (-1 - -2) + -6.
3
0 + (-2 - 7) + -1
-10
What is the value of 16 + (-19 - -5) + 8 + 1?
11
What is the value of 0 + 8 + (16 - 6) + -11?
7
What is 10 + (-20 - (3 + -12))?
-1
0 + 6 - (42 - (-12 - -41))
-7
Calculate -75 - -88 - (-3 - -10).
6
What is 4 - (0 + -16 + -4 + -7 + 16)?
15
Calculate 18 + (-9 - -1 - (2 + (-5 - 3))).
16
Calculate -9 - -5 - -15 - (5 + -5 + 2).
9
What is (-3 + -5 - -3) + (28 - (32 + 6))?
-15
Calculate (1 - 0 - -2) + (-1936 - -1934).
1
Calculate -2 + 24 - (8 + -5 - 10 - -14).
15
What is the value of (8 - -5) + (-6 - 9)?
-2
What is the value of -11 - (-13 + (-26 - -19))?
9
Calculate (46 - 3) + -9 + -9.
25
28 + (-12 - 17) - -33
32
Calculate 10 + 37 + (-47 - 2).
-2
What is -27 - (-32 + 0) - (-7 + (-1 - 1))?
14
What is the value of (6 + (-1 + 0 - 4) - 22) + 7?
-14
What is the value of (1 - (14 + 4 + -9)) + 36?
28
What is the value of 29 + -35 - (1 + 9) - -4?
-12
(5 - -9) + -10 + -3
1
What is 9 - (-20 + 29 + -6)?
6
Evaluate 4 + -135 + 131 + (1 - -17).
18
Calculate -18 + 9 + 22 + -15.
-2
-23 + 15 - (-2 - 3) - 7
-10
Calculate -13 - (24 + -33 + (2 - 7)).
1
(2 - -2) + -33 + 30 + 2 + -2
1
What is the value of -33 + 10 + (-23 - -38)?
-8
Evaluate 2 + -2 + -11 - (-6 + -11 + -7).
13
Evaluate 12 + (6 + -18 - -18).
18
Calculate 77 - 82 - (1 + 1).
-7
Calculate 11 + 4 + 15 + -2 + -52.
-24
What is -27 + -2 + 3 + (37 - (73 - 34))?
-28
(31 - -24) + -25 - 26
4
Calculate (-515 - -499) + (32 - 2).
14
Evaluate 9 - (-1 + -6 + 25).
-9
Evaluate -7 + (16 - (19 - 12)) + -14.
-12
What is the value of (9 - (7 - (-6 - -8))) + -1 + -2?
1
Calculate 212 + -226 - (-10 + 0) - (-11 + 0).
7
What is the value of -80 + 83 - (13 - (4 + -2))?
-8
What is 9 + -6 + -1 + (-5 - -9) + -5?
1
Calculate 1 + 0 - (3 + 2 + 3) - -5.
-2
11 + -22 + 4 + 16
9
What is 39 + 1 + (31 - 30 - 7)?
34
(1 - -30) + (-251 - -214)
-6
What is (2 - -1) + (-16 - -17)?
4
What is the value of 1 - (15 - (-14 - (0 + -8)))?
-20
Evaluate 1 - (1 - -1) - (-24 + -30 - -59).
-6
(-1 - (21 + 1)) + (39 - 30)
-14
Evaluate (237 - 248) + (-7 - (4 + 0 + -4)).
-18
(16 - (17 - 11)) + 13 + -9
14
What is 8 + (-6 - (-8 + 11)) - -8 - 11?
-4
What is -15 + 1 - (-7 - -17 - 18) - 12?
-18
What is the value of (-1 - 0) + -131 + 115?
-17
4 - (-12 - (-16 + -10))
-10
Evaluate (-223 - -227) + (1 - (22 + (-1 - 0))).
-16
What is 2 - 0 - (-10 + 16)?
-4
Calculate 2 - (1 - 5 - (86 - 76)).
16
What is the value of 21 - ((-23 - -34) + 18)?
-8
Calculate 0 + 22 - (-10 + 44).
-12
Calculate -183 + 190 + (1 - 15).
-7
Calculate -5 + (5 + 10 - (4 + (0 - 0))).
6
-18 + 5 - -6 - (-15 + 11) - 12
-15
Calculate -20 + (19 - -12) + -1.
10
(-290 - -254) + 2 + 20
-14
What is the value of 16 + (-5 - 21) + 1?
-9
Evaluate (35 - 39) + 23 - 36.
-17
Evaluate -8 + (15 - (10 + -15)).
12
What is -8 + (24 + -18 - 12)?
-14
0 - 8 - (8 + 3 - 12)
-7
What is the value of (-1 - -7 - (31 + -24)) + -2?
-3
60 + -43 + -36 + -2
-21
Evaluate (0 - (-3 - 4)) + (-5 + 8 - 1).
9
Calculate 3 - -4 - (35 + -27).
-1
Evaluate -2 - (0 + (-1 + (-4 - -3) - -5)).
-5
Evaluate -130 - -131 - (-2 + 13).
-10
Evaluate 3 + (-6 + -3 - (-15 + 15)) + 3.
-3
-23 + 10 + 17 - (0 - -4)
0
-6 - ((3 - 5) + -6)
2
Calculate -57 - (-67 + 14) - (-10 + 0).
6
Evaluate (-4 - 1) + -17 + 26 + -5 + -3.
-4
0 + (0 - 24) + 16
-8
-14 + (48 - -21 - 34)
21
(-1 - -11) + (8 - -5 - (-1 + 13))
11
Calculate 34 + -34 + -16 - (5 - 2).
-19
Evaluate 37 + -17 + -36 - -26.
10
Calculate -19 + (-4 - -19) - -15.
11
What is the value of -2 - -14 - (1 + 2 + (-44 - -45))?
8
-28 - (7 + -24) - -27 - 18
-2
What is 0 + (1 - -6) + (-16 - 2)?
-11
What is the value of 27 + (-4 - 3) - (1 + (0 - -7))?
12
What is (-2 - -9) + -17 - (-12 + -7)?
9
What is 17 + -2 - (14 - ((24 - 10) + -8))?
7
Calculate (1 - -8) + -7 + 7 + -1.
8
What is the value of (3 - (-8 - (-9 + 2))) + (-16 - 0)?
-12
What is the value of 26 + 0 + 1 - (25 + (36 - 65))?
31
(14 - 3 - 3) + -16
-8
Calculate 2 + 2 + 24 + -29.
-1
1 + (11 - (23 - 10)) + -10
-11
What is the value of 2 - (6 - 0) - 2 - (67 + -67)?
-6
Evaluate 2 + (-27 - (1 + 15 - (12 - 2))).
-31
Calculate 7 - (-4 - (-5 - -3)).
9
Evaluate -20 + 1 - (58 + (-117 - -44)).
-4
What is the value of -6 + -15 + 11 - 3?
-13
What is the value of 0 - (-1 + 2 + -7) - (-1391 - -1395)?
2
Evaluate 4 - 4 - -5 - -2.
7
Calculate 1 - (-13 + 25 + -5) - (0 + 0).
-6
Evaluate -1 + -21 - (24 - 40).
-6
Calculate 4 + -6 + (18 - 19) - -2.
-1
(24 - 34) + 5 + (-4 - -1)
-8
Evaluate 11 + (-2 - -2) - 14.
-3
Evaluate 28 - (11 + 11) - (-12 - -23).
-5
-25 - (16 - (63 + -23))
-1
What is the value of -15 - -6 - -12 - 4 - (-6 - 0)?
5
(0 - 0) + (-15 - ((5 - -1) + -9))
-12
What is 37 + (-3 - 25) + (4 - (1 + 0))?
12
Evaluate -26 - (7 + -36 + 27).
-24
What is 0 - 9 - 0 - (-2 + -14)?
7
What is (-12 + -15 - -18) + 7?
-2
What is 13 - (9 + 10) - -1?
-5
What is the value of (-11 - -17 - (5 + -8)) + 4?
13
What is the value of -4 - (14 + 4 + -10 - 15)?
3
Evaluate 13 - (-9 + 7 + 8 + -2 - 3).
12
Evaluate -8 + 12 + -8 - -6 - (-2 + -7).
11
What is (-10 - (15 + -22)) + -3?
-6
Evaluate (8 - (7 - (-1 - -4)) - -1) + -5.
0
What is the value of 5 - 28 - (2 - -1)?
-26
Calculate 7 - (9 - 3) - 6 - (10 + -13).
-2
Calculate 56 + -57 - (-1 - (-24 - -6)).
-18
6 + -5 + (3 - 2) + -10 - -10
2
Calculate (143 - 119) + (3 - (-3 - -15)).
15
What is -2 + (-8 - -13) + -8 - -7?
2
What is (-21 - 2) + (218 - 206)?
-11
What is -33 - ((1 - -1) + 37 + -50)?
-22
Evaluate 17 - ((-5 - 26) + 31).
17
What is 16 + 20 + -16 - 18?
2
9 - (9 - (-4 + 16 - 8))
4
Evaluate -9 + 0 - (0 - (-20 + -10 + 6)).
-33
What is -4 - (-1 + -6 - (43 + -49) - 1)?
-2
What is the value of -7 + 14 + 2 + -13?
-4
What is (26 - 19) + -18 + (4 - 1)?
-8
Evaluate 13 + -9 + -5 + -3.
-4
Evaluate 11 + (-7 - (-1 + 0) - (222 + -234)).
17
Evaluate 57 - 72 - (-5 + 2).
-12
Evaluate 0 - (-4 - 1) - (109 - 102).
-2
What is the value of (10 - -1) + (34 - 46) + -29?
-30
Calculate 1 - 4 - ((20 - (9 - -1)) + 8).
-21
2 - 1 - (-1 - -1) - (6 - 0)
-5
13 + (-28 - -20) - -5
10
Calculate 29 - -1 - (-8 + (24 - 13) + -4).
31
-1 + -2 + 2 + 1 + 235 + -225
10
What is the value of 56 + -62 - (-45 - -18)?
21
What is -1 - -2 - (-19 + -8 + (22 - 1))?
7
Calculate 1 - -9 - (-45 + 51).
4
-4 - -6 - 1 - (-9 + 3) - 22
-15
What is the value of -40 + (21 - 18) - 4 - -10?
-31
Calculate (-16 + 8 - -15 - 2) + -13.
-8
2 + (-7 - (9 + (3 - 37)))
20
What is (-1 - -2 - (-37 - -34)) + 3 + -1?
6
Calculate 4 - (3 - (7 - -9)).
17
Evaluate -1 - 6 - (-43 + 81 - 23).
-22
Evaluate 10 + -2 + -8 + 3 + -12.
-9
Calculate 21 - ((-13 - 8) + 53).
-11
Evaluate -4 + (16 - (1 + (16 - 7))).
2
6 - (-25 - -23 - 18)
26
(-2 - (3 + (-4 - -9))) + -5
-15
Calculate (-17 - (-6 + 3) - 2) + -8.
-24
What is the value of -6 + (-1 - -14 - (3 - 2)) + 0?
6
What is -3 + 2 + -2 + 6 - (18 - 5)?
-10
Calculate -26 + 61 + -26 - (1 - 7).
15
What is (4 + 0 + -1 - -21) + (136 - 142)?
18
What is -7 - (-9 + 4) - (-6 - -13)?
-9
What is the value of 10 + (-15 - -14 - 10)?
-1
-65 + 80 - (-19 - -4)
30
Calculate 32 - 0 - (15 - 10) - 9.
18
Evaluate 23 + (39 - 52) + (1 - (23 - -3)).
-15
Calculate -3 + 1 + -20 + 19.
-3
Calculate -35 + 7 + -1 - (-13 - -8).
-24
Evaluate 42 + -30 + -23 + 5.
-6
-98 + 119 + (-36 - -2)
-13
Calculate 37 + -50 + 0 + -5 + 2.
-16
-8 - -31 - 1 - 25
-3
2 + 21 - (1 - -12)
10
What is the value of (2 - (-1 + -2 - 8)) + (-15 - -15)?
13
Calculate 5 - -1 - (13 + -13 - 10 - -2).
14
(37 + -17 - 30) + (38 - (-1 - -1))
28
Calculate -1 + 5 + -16 + 14.
2
Calculate -21 - (-16 + -10 - 13).
18
(-11 - -6) + 5 + 2
2
(-6 + (4 - -4) + 18 - 11) + 6
15
-23 + 9 + (0 - -2)
-12
((-1 - -1) + 2 + 1 - 4) + 6
5
What is the value of 19 + (9 - 18) + -19?
-9
What is the value of -9 + 12 - -3 - (-7 + 1)?
12
Evaluate -5 + (-16 + 34 - -6).
19
What is the value of (-18 + (15 - 6) - -16 - 4) + 1?
4
What is (3 - 1) + (-7 - (-2 - (-2 - 4)))?
-9
What is 0 - 13 - -2 - (-59 + 30 + 17)?
1
Calculate 122 + -130 + 